, -w = -5*a - 101. Let y = b - a. What is the tens digit of y?
2
Let d(u) = 2*u + 6. Let j(b) = 4*b + 12. Let g(i) = 13*d(i) - 6*j(i). What is the tens digit of g(3)?
1
Let q be (-7078)/(-6) + ((-5)/(-3))/5. What is the units digit of q/8 + (-1)/2?
7
Let t = 3 - -1. Let x(l) = l**2 - l. Let o(a) = 3*a**2 - 8*a - 5. Let q(u) = t*x(u) - o(u). What is the units digit of q(-8)?
7
Let f(d) = -9*d - 56. Let r(j) = 43*j + 280. Let o(n) = -11*f(n) - 2*r(n). What is the units digit of o(17)?
7
Let g(t) = 2*t**3 + 7*t**2 - 4*t + 2. Let p be g(-4). What is the tens digit of ((-612)/45)/((-27)/(-15) - p)?
6
Let g(b) = 5*b**2 + 11*b - 14. Let m(r) = 11*r**2 + 22*r - 27. Let x(u) = -13*g(u) + 6*m(u). What is the tens digit of x(18)?
4
Let h(i) = 7*i**2 + 3*i - 3. What is the hundreds digit of h(-9)?
5
Let r(k) = 3*k**3 + k**2 - k + 1. Let c be r(1). Suppose -3*g - 73 = g + 5*j, 64 = -c*g + 4*j. Let f = g + 36. What is the units digit of f?
9
Let r(j) = -5*j. Let f be r(-2). Let l be (126/30 - -2) + (-1)/5. Suppose -l*k = -f*k + 168. What is the tens digit of k?
4
Suppose 0 = -5*l + 24 + 1. Suppose -s + 2*q - 25 - l = 0, 111 = -5*s - 3*q. Let w = 27 + s. What is the units digit of w?
3
Let n(w) = 5 - 3 - 1 - 21*w. Suppose 3*i = -5*q - 13, -i = -4*q + 6 - 13. What is the units digit of n(i)?
2
Let n(m) be the third derivative of m**4/24 - 8*m**2. Let h be n(0). Suppose w = -h*w + 23. What is the units digit of w?
3
Suppose 16*p - 726 = 13*p. What is the hundreds digit of p?
2
Let z = 26 - 52. Let r be (-4)/z - 4140/(-130). Let h = r - 27. What is the units digit of h?
5
Let c(t) = -t**3 + 3*t**2 + t - 3. Let d be c(3). Suppose -10*f + 4*f + 12 = d. What is the units digit of f?
2
Let n = 351 + -4. What is the hundreds digit of n?
3
Suppose 2*u = 4*u. Suppose 9*l - 2*l - 574 = u. What is the tens digit of l?
8
Let g(j) be the second derivative of 0 - j + 5/3*j**3 - 1/2*j**2. What is the units digit of g(1)?
9
Let g = -1 + 623. What is the units digit of g?
2
Let s = 2535 + -1501. What is the units digit of s?
4
Suppose -4 = -u - 3. Let k = u - -2. Suppose -5*n + 5*i = -157 - k, -4*i - 8 = 0. What is the tens digit of n?
3
Suppose -35*c + 20146 = -9009. What is the hundreds digit of c?
8
Let p(r) = -r + 26. Let d(k) = -k + 1. Let n(f) = 3*d(f) - p(f). What is the units digit of n(-21)?
9
Let i be 2/5 - (-728)/(-20). Let k = 258 + i. What is the hundreds digit of k?
2
Let m = -87 - -723. Suppose 4*x = -2*x + m. Suppose -x = -2*y + 6. What is the tens digit of y?
5
Suppose 0*s - 2*i = 4*s - 74, 0 = 4*s + 5*i - 89. Suppose 5 = -a, -3*t + 5 - s = 4*a. What is the tens digit of (30 - t)/(1/1)?
2
Let y(u) = -u**3 + 2*u - 1. Let o be y(1). Suppose o = 14*m - 11*m - 153. What is the tens digit of m?
5
Let j = -1911 + 879. Let k be j/(-4) + 1 + -1. Suppose 66 = 6*l - k. What is the tens digit of l?
5
Let r = 108 + -104. What is the hundreds digit of 276 - ((-4)/(-8) + (-18)/r)?
2
Let x(c) = -6*c**2 + 4*c + 3. Let r be x(-2). Let i = -38 + -3. Let d = r - i. What is the tens digit of d?
1
Let f = 806 + -372. What is the tens digit of f?
3
Let t = 157 - -157. What is the units digit of t?
4
Let m(a) = 2*a - 16. Let j be m(9). Let l be (3 - j)*-4 - -7. Suppose -d + 40 = l*d. What is the tens digit of d?
1
Suppose -5*j - 7 + 22 = 0. Let k be 4/(-1 - j)*-94. Suppose -5*g = k - 284. What is the tens digit of g?
3
Let d = 1243 - 1063. What is the units digit of d?
0
Let v be 0/(2 - 0 - 1). Let i = 18 + 59. Suppose 4*p - 197 + i = v. What is the tens digit of p?
3
Suppose -4*c - 2 = 3*r + 1, 0 = c - 3*r - 3. Suppose 0 = -3*j - q - 74, 4*j + j + 4*q + 114 = c. What is the units digit of j/(-22) - 18/99?
1
What is the units digit of 17156*9/(-108)*-3?
9
Suppose -101800 = 73*k - 345547. What is the units digit of k?
9
Let v(z) = -1 + z - 1 - 1. Let j be v(5). Suppose -15 = -3*n, 4*s = 3*n + j*n - 5. What is the units digit of s?
5
Let q = -355 - -416. What is the units digit of q?
1
Suppose 4*v = -s + 415, 3*s + 169 - 1350 = 4*v. What is the units digit of s?
9
Suppose -178*r = -184*r - 60. Let n(q) be the third derivative of -q**4/8 + 7*q**3/2 - 2*q**2. What is the tens digit of n(r)?
5
Suppose -7*x - 7654 = -37894. What is the tens digit of x?
2
What is the units digit of (-5)/(-2) + (-24)/16*1?
1
Suppose -11*m = -9*m - 4*b - 11014, -4*m + 3*b + 22038 = 0. What is the hundreds digit of m?
5
Suppose -17*y - 12 = -11*y. What is the units digit of (1/y)/(4*(-4)/928)?
9
Suppose 24*g - 7785 = 15*g. What is the units digit of g?
5
Suppose -r - 3*h = 3*r + 63, 2*r = -2*h - 34. What is the units digit of 3246/45 - r/(-90)?
2
Suppose 0 = -x - 2*x + 60. Let b = x + -24. What is the units digit of 312/9 - b/(-6)?
4
Let j(g) = 17*g**2 - 1. Let q be j(-6). Suppose -3*w = -5*c - q, 4*c = 4*w + 7*c - 863. What is the tens digit of w?
1
Let f(q) = -6*q**2 - 11 + 2*q**3 - 5*q - q**3 - 5*q. Let m be (1 - 5)*1*-2. What is the units digit of f(m)?
7
Suppose -23 - 37 = -6*q. Suppose 6 = 2*s, r = -5*s + 2*s + q. What is the units digit of 28 + r + 0 + 2?
1
Suppose 4*a = 2*w + 90, -114 = -5*a + 4*w - 0*w. Let n(p) = -p - 17 + 19*p**2 + a*p**2 + 18. What is the units digit of n(1)?
1
Let i = 173 + -89. Suppose 4*q - i = -3*q. Suppose q = n - 58. What is the tens digit of n?
7
Let b be (20/6)/((-12)/(-18)). Suppose -c = -b*s + 29, -s + 3 = -c - 6. What is the units digit of (-45)/s*(-1 + -2)?
7
Let b(i) be the first derivative of i**4/4 - 8*i**3/3 + 15*i**2/2 - 9*i - 32. What is the units digit of b(6)?
9
Suppose 31*u - 21230 = -150. What is the tens digit of u?
8
Suppose -2*a + 114 = -2*d, -5*a + d - 4*d + 317 = 0. What is the tens digit of a?
6
Let k = 155 - 111. Let c(q) = 2*q**3 - 14*q**2 - 2*q + 17. Let w be c(7). Suppose 5*x + 4 + 0 = -b, -w*x = -2*b + k. What is the tens digit of b?
1
Suppose -2*m - 588 = -4*l, 3*l = -137*m + 142*m + 434. What is the tens digit of l?
4
Suppose 5*t = 4*y - 17669, 94*t + 8828 = 2*y + 98*t. What is the hundreds digit of y?
4
Suppose 3*p = -3*n - 2*p - 10, 2 = 2*n - p. Suppose -2*x = -n*x. Suppose -q + 2 = -x*q. What is the units digit of q?
2
Suppose 5*g - 4*r = 4, r = -2*g + 5*r + 4. Suppose g = -2*k + 3*k. Suppose k*s + 5*s + 3*p = 62, s = -2*p + 11. What is the units digit of s?
3
Suppose -12*b - 101 = 43. Let f(i) = i**3 + 11*i**2 - 16*i + 3. What is the units digit of f(b)?
1
Let s(x) = -4*x - 11. Let l be s(-4). Let t = 30 + l. What is the tens digit of t?
3
Let y = -25 + 39. Let m = 14 - y. Suppose 5*f = 5*c - m*c + 120, 0 = -f + 2*c + 22. What is the tens digit of f?
2
Let o = -4 + 14. Suppose 0 = -3*c - o + 13. What is the units digit of c?
1
Let w(d) = 13*d**2 - 7*d - 40. What is the thousands digit of w(10)?
1
Let i = -141 - -382. Let w = i - 60. What is the units digit of w?
1
Let t be (-2 + 0)/((-5)/(-10)). Let w be -19 - 0/((-4)/t). Let x = -10 - w. What is the units digit of x?
9
Let n = 2443 + -1287. What is the hundreds digit of n?
1
Suppose 4*q - 2*b = -q - 21, 0 = 3*q + b + 6. Let o be 6 + q + 1 + 1. Suppose 3*p + 54 = 4*y + 5*p, -3*p = -o*y + 62. What is the tens digit of y?
1
Suppose 2*z = -5*c - 150, -5*c - 3*z = -2*z + 145. What is the units digit of 79*2/8*c/(-7)?
9
What is the tens digit of 17/(884/12264) + 8/52?
3
What is the units digit of (-24)/96 - 42/(-16)*386?
3
Let t = -319 - -325. Let k(v) = v + v**2 - 3 + 3. What is the tens digit of k(t)?
4
Suppose 0 = -3*u - 10*h + 7*h + 2103, -3511 = -5*u - 2*h. What is the units digit of u?
3
Let p = -561 - -1913. What is the thousands digit of p?
1
Let z = 139 + -30. What is the hundreds digit of z?
1
What is the units digit of 2 + -1 + 723 + 77?
1
Let c(k) = 12*k - 5. Let t be c(4). Suppose 74*z - 1886 = -8*z. Let j = t - z. What is the units digit of j?
0
Let y(q) = 5*q + 7. Let f(z) = z**3 - 7*z**2 - 8*z + 6. Let k be f(8). Let u = 13 - k. What is the tens digit of y(u)?
4
Let g(p) = 6*p**2 - p - 15. What is the tens digit of g(6)?
9
Let z(a) = -a**3 - 27*a**2 + 2*a + 63. Let o be z(-27). What is the units digit of o/(-12) - 323*5/(-20)?
0
Let t be (-2 + 1)*(2 - 8). What is the units digit of (252/(-35))/(t/(-45))?
4
Let t(w) = -w**2 - 10*w + 7. Suppose -5 = 5*k + 3*b - 0*b, -2*b = -k + 12. Suppose -k*p + p = 5. What is the tens digit of t(p)?
3
Let t(h) = h**2 - 5*h - 11. Let x be t(7)